
True
Does 134 divide 31075?
False
Is 23 a factor of 972312?
False
Does 7 divide 103593?
True
Is 143801 even?
False
Is 64440 a multiple of 18?
True
Is 11726 a multiple of 11?
True
Is 140 a factor of 725792?
False
Is 3905234 a multiple of 120?
False
Is 155448 a multiple of 24?
True
Is 150 a factor of 151407?
False
Is 161379 a multiple of 85?
False
Is 1024 a factor of 19298304?
True
Is 77 a factor of 2005185?
False
Is 146 a factor of 1389105?
False
Is 11964290 a multiple of 939?
False
Is 73 a factor of 241303?
False
Does 81 divide 543350?
False
Does 13 divide 1243021?
True
Is 134 a factor of 3082?
True
Is 11191257 a multiple of 147?
True
Does 567 divide 1211112?
True
Is 100130 a multiple of 19?
True
Does 139 divide 673005?
False
Is 1154544 a multiple of 359?
True
Is 4 a factor of 584192?
True
Does 272 divide 10136352?
True
Is 381402 a multiple of 31?
False
Is 311610 a multiple of 102?
True
Is 74750 a multiple of 10?
True
Does 12 divide 1169040?
True
Is 2602260 a multiple of 10?
True
Does 6 divide 97401?
False
Does 704 divide 2421056?
True
Is 321310 a multiple of 14?
False
Does 100 divide 16484000?
True
Is 19 a factor of 708890?
True
Does 17 divide 660214?
False
Does 201 divide 699882?
True
Is 1336966 a multiple of 162?
False
Does 5 divide 323125?
True
Is 795 a factor of 7119225?
True
Is 53 a factor of 240938?
True
Is 53768 a multiple of 26?
True
Is 7826264 a multiple of 23?
False
Does 94 divide 3613360?
True
Does 21 divide 275142?
True
Is 580176 a multiple of 108?
True
Does 19 divide 71267?
False
Is 6930209 a multiple of 143?
True
Is 4058181 a multiple of 10?
False
Does 6 divide 15709?
False
Does 9 divide 5771934?
True
Is 16 a factor of 528514?
False
Is 452 a factor of 359340?
True
Does 53 divide 98764?
False
Is 93 a factor of 1327986?
False
Is 52 a factor of 289655?
False
Is 8872 a multiple of 3?
False
Is 3 a factor of 1097196?
True
Is 10 a factor of 1073760?
True
Does 141 divide 6712864?
False
Is 703262 a multiple of 191?
True
Is 123578 a multiple of 2?
True
Is 461056 a multiple of 64?
True
Is 20 a factor of 28293500?
True
Does 16 divide 108860?
False
Does 83 divide 2254114?
True
Does 8 divide 30430?
False
Is 2615008 a multiple of 122?
False
Does 89 divide 234578?
False
Is 573997 a multiple of 9?
False
Does 42 divide 854700?
True
Is 15 a factor of 2604750?
True
Is 638 a factor of 777722?
True
Is 8567820 a multiple of 51?
False
Is 93582 a multiple of 54?
True
Is 68 a factor of 3025141?
False
Is 109 a factor of 30411?
True
Is 11 a factor of 391545?
True
Is 4 a factor of 160595?
False
Is 1430060 a multiple of 20?
True
Does 41 divide 3351308?
False
Does 189 divide 89397?
True
Is 21 a factor of 5482533?
True
Does 71 divide 124111?
False
Is 118615 a multiple of 88?
False
Does 75 divide 9528949?
False
Is 1508520 a multiple of 21?
False
Does 11 divide 5419214?
False
Is 12038 a multiple of 3?
False
Is 1582791 a multiple of 3?
True
Is 1578844 a multiple of 4?
True
Is 7 a factor of 63351?
False
Does 138 divide 1207638?
True
Is 113643 a multiple of 25?
False
Is 953174 a multiple of 8?
False
Does 120 divide 643440?
True
Does 15 divide 67590?
True
Does 119 divide 5550915?
False
Is 354 a factor of 911839?
False
Is 72240 a multiple of 2?
True
Is 3 a factor of 8145?
True
Does 109 divide 54614?
False
Does 181 divide 176656?
True
Is 2 a factor of 60508?
True
Is 8 a factor of 950533?
False
Does 287 divide 1063356?
False
Is 127 a factor of 1515162?
False
Does 15 divide 21134158?
False
Does 17 divide 4240973?
True
Is 959577 a multiple of 19?
False
Does 2556 divide 9176208?
False
Is 8 a factor of 451952?
True
Does 28 divide 139496?
True
Does 46 divide 27968?
True
Is 570 a factor of 3536280?
True
Is 22 a factor of 37046?
False
Is 345461 a multiple of 61?
False
Is 1090529 a multiple of 11?
True
Does 13 divide 27168050?
True
Is 4566080 a multiple of 320?
True
Is 36 a factor of 139054?
False
Is 108 a factor of 3420360?
True
Does 7 divide 342972?
True
Does 5 divide 385404?
False
Is 257562 a multiple of 82?
True
Is 62207 even?
False
Does 18 divide 1128726?
True
Is 140 a factor of 290780?
True
Is 343035 even?
False
Does 56 divide 59752?
True
Is 13144 a multiple of 53?
True
Is 1616141 a multiple of 805?
False
Is 2310286 a multiple of 11?
True
Is 306 a factor of 5563867?
False
Is 3 a factor of 15887?
False
Does 44 divide 99394?
False
Is 10 a factor of 11996?
False
Does 47 divide 5505260?
False
Does 137 divide 2114281?
False
Does 577 divide 280999?
True
Is 193 a factor of 21620?
False
Is 84624 a multiple of 3?
True
Is 36408 a multiple of 82?
True
Is 115 a factor of 7420145?
True
Is 168691 a multiple of 135?
False
Is 1560038 a multiple of 25?
False
Is 18614 a multiple of 41?
True
Is 67382 a multiple of 102?
False
Is 12 a factor of 283656?
True
Does 54 divide 1844532?
True
Is 502516 a multiple of 548?
True
Does 10 divide 6339190?
True
Is 146642 a multiple of 17?
True
Is 256296 a multiple of 284?
False
Is 23256 a multiple of 228?
True
Does 680 divide 326400?
True
Is 9 a factor of 6877821?
False
Does 20 divide 628732?
False
Is 626783 a multiple of 68?
False
Is 438 a factor of 582102?
True
Is 205 a factor of 930165?
False
Is 5576808 a multiple of 24?
True
Does 47 divide 1803766?
True
Is 3496576 a multiple of 472?
True
Is 11653 even?
False
Is 18991420 a multiple of 63?
False
Is 35 a factor of 9525114?
False
Is 1164015 a multiple of 45?
True
Is 1689 a factor of 6761067?
True
Does 19 divide 364003?
False
Is 554 a factor of 84208?
True
Does 194 divide 2791947?
False
Is 269 a factor of 3731924?
False
Is 48100 a multiple of 24?
False
Does 13 divide 19193265?
True
Does 62 divide 122364?
False
Is 28 a factor of 17276?
True
Does 5 divide 111200?
True
Does 31 divide 967862?
False
Is 1184320 a multiple of 16?
True
Is 24180 a multiple of 806?
True
Does 4 divide 1110388?
True
Is 14004 a multiple of 6?
True
Is 356 a factor of 6830495?
False
Does 506 divide 67298?
True
Is 1221609 a multiple of 109?
False
Is 100761 a multiple of 17?
False
Is 27 a factor of 2968434?
True
Does 332 divide 2974056?
True
Is 108 a factor of 696683?
False
Is 904764 a multiple of 53?
False
Is 1127327 a multiple of 503?
False
Is 2511931 a multiple of 236?
False
Is 5593339 a multiple of 5?
False
Is 264694 a multiple of 24?
False
Is 821184 a multiple of 13?
True
Is 882 a factor of 1513896?
False
Does 9 divide 473792?
False
Is 15392 a multiple of 296?
True
Is 13 a factor of 7715386?
False
Is 7 a factor of 185212?
False
Does 89 divide 354042?
True
Is 22 a factor of 309122?
True
Is 531 a factor of 121081?
False
Is 258 a factor of 2483137?
False
Does 220 divide 437800?
True
Is 5347475 a multiple of 100?
False
Does 37 divide 6139729?
False
Does 147 divide 10869621?
True
Does 136 divide 878404?
False
Is 116 a factor of 401012?
True
Does 93 divide 284766?
True
Is 2433018 a multiple of 14?
True
Does 903 divide 1651788?
False
Is 43566 a multiple of 53?
True
Does 19 divide 3337406?
False
Does 4 divide 16410?
False
Does 124 divide 95507?
False
Is 15781 a multiple of 102?
False
Is 789879 a multiple of 174?
False
Does 237 divide 57120?
False
Is 78454 a multiple of 3?
False
Does 20 divide 276238?
False
Is 19943506 a multiple of 31?
False
Is 1642363 a multiple of 1197?
False
Does 397 divide 4901755?
False
Does 54 divide 633960?
True
Does 289 divide 8959?
True
Is 11 a factor of 1557875?
True
Is 9 a factor of 1308915?
True
Is 468567 a multiple of 10?
False
Is 467 a multiple of 30?
False
Is 589050 a multiple of 198?
True
Is 112656 a multiple of 335?
False
Is 19 a factor of 5784?
False
Is 128 a factor of 1116670?
False
Does 433 divide 15389369?
False
Is 70770 a multiple of 105?
True
Is 5979645 a multiple of 1435?
True
Is 8 a factor of 61168?
True
Is 7225066 a multiple of 35?
False
Is 10086846 a multiple of 154?
True
Is 500228 a multiple of 316?
True
Is 29 a factor of 108029?
False
Is 395847 a multiple of 81?
True
Is 131 a factor of 15790359?
False
Does 48 divide 23157072?
True
Is 97845 a multiple of 15?
True
Is 165321 a multiple of 7?
False
Does 754 divide 1092969?
False
Is 37 a factor of 194525?
False
Does 14 divide 8614691?
False
Does 197 divide 810261?
True
Is 16 a factor of 319820?
False
Is 440 a factor of 585020?
False
Is 614298 a multiple of 86?
True
Is 219 a factor of 1382107?
False
Is 2188 a multiple of 13?
False
Is 4 a factor of